vative of -14*k**3/3 - 3*k**2 - 2*k - 6. Let d be j(-6). Is (1/(-2))/(5/d) a composite number?
False
Suppose a - 24 = -2*s - s, 5*a - 30 = -5*s. Suppose -14*l = -s*l - 4535. Is l a prime number?
True
Suppose 3*j = 12, 3*c + 2*j - 30 - 188 = 0. Suppose d - 4*q - 19 = 46, 0 = -2*d - 4*q + c. Is (795/d)/((-1)/(-3)) a prime number?
True
Suppose -2*r - 7405 = -3*j, -2*r = 4*j - 4471 - 5407. Suppose j = 4*t - 743. Let p = t - 472. Is p composite?
False
Let x = 27 - 25. Is 2100/x + -13 + 10 prime?
False
Suppose -f + 4751 - 1223 = 4*b, -f + 882 = b. Suppose 3*l + 4*l - b = 0. Let n = 349 - l. Is n a composite number?
False
Let n = 216 + -91. Let q = -66 + n. Is q a composite number?
False
Let f(z) = z**3 - 7*z**2 + z + 2. Let j be f(7). Let q(u) = u**3 - 3*u**2 + 1. Is q(j) composite?
False
Suppose 4*d + 1168 = -4*n + 9*d, 2*n + 582 = 2*d. Let f = -145 - -953. Let h = f + n. Is h prime?
True
Let j be ((-7084)/10)/(-2) - 30/150. Suppose -4*i + 7*i = j. Is i composite?
True
Let c(y) = y**3 + 3*y**2 - y. Let u be c(-3). Suppose -j - u = 2*n - n, 0 = -3*n - j - 3. Suppose 6*q - 7*q + 19 = n. Is q prime?
True
Let q be (-6)/((-28)/8 - -2). Suppose 0 = -2*u - q*o + 492 - 46, -2*o = 0. Is u composite?
False
Let a(w) = -2*w**3 - 19*w**2 + 3*w + 121. Is a(-17) a composite number?
True
Let a(r) = -3 - 2*r - 1 + r + 1 + 117*r**2. Is a(-2) composite?
False
Let g(r) = r**2 - 20*r + 8. Let h be g(20). Suppose 4*u - d - 3186 = 0, 5*d - 3995 = -h*u + 3*u. Is u composite?
False
Suppose -4*l + 54 = -10. Suppose v + o = -11, 0*v - v = 2*o + l. Let r(f) = 7*f**2 - f - 5. Is r(v) a composite number?
True
Let m be (-2 - -2)*3/(-3). Let n be -4*(m + -3)/(-12). Is (1/n)/(6/(-4074)) prime?
False
Let u(o) = 129*o**2 + 15*o - 11. Is u(13) a prime number?
False
Is (25053/(-126))/((-2)/12) a composite number?
False
Let s(h) = h**2 - h + 441. Let w be (0/6)/(0 + -2). Let u be s(w). Suppose -4*d = -u - 499. Is d composite?
True
Let o(d) = -d**2 + 2*d - 61. Let w be o(0). Let c(f) = f**2 - 8*f + 4. Let s be c(6). Let g = s - w. Is g composite?
False
Let h = -23 + 13. Is (-12 - h)*(-1693)/2 composite?
False
Suppose 4*z + 0*z - 20 = 0. Let n be (-2)/(-2) + 56 + 1. Suppose -z*x + n + 255 = 3*o, -5*x = -o - 329. Is x a composite number?
True
Let i = 20 + -18. Suppose i*v + 75 = p - 58, 4 = -4*v. Is p prime?
True
Is -1*23/46*(0 + -71458) composite?
False
Suppose 3*s + 8 - 2 = 0. Let l be (s - 16/(-4)) + 856. Is ((-3)/(-9))/(2/l) a prime number?
False
Let p = -418 - -515. Is p a composite number?
False
Suppose -9*a - 2*a = -27720. Suppose -5*y - 1677 = 2*x - 4*x, 3*x - a = 3*y. Is x a prime number?
False
Let x = 668 - -19. Is x a composite number?
True
Suppose 2*l = 6 - 16, -4*l = 2*t - 11142. Is t composite?
False
Let d be 119 - 1/((-3)/6). Let a(g) = g - 4. Let n be a(4). Suppose -2*j = -2*w - 97 - d, 5*w = n. Is j composite?
False
Suppose 3*j = 1604 + 12649. Is j composite?
False
Let g(f) = 63*f**2 - 5*f + 2. Let v be g(-4). Suppose -4*u = -9*u + v. Suppose 0 = -5*x + u - 21. Is x prime?
True
Suppose -165925 = -2*d - 23*d. Is d a composite number?
False
Let q be (69/(-6))/((-4)/152). Is (-2)/3 + q/3 prime?
False
Let h(x) = x**3 - 21*x**2 - 37*x - 16. Is h(23) composite?
False
Let l(z) = z**3 + 11*z**2 - 17*z + 6. Suppose -s + 3 = -4. Is l(s) prime?
True
Suppose -r + 0 = -2. Suppose 0 = -r*b - 4 + 10. Suppose b*k - 2110 = -5*q, 5*q - 439 = 4*q - 4*k. Is q a composite number?
False
Suppose d + 0*d - 5*v = -5, 4*d - 14 = 3*v. Suppose d*x = 54 + 101. Is x prime?
True
Let r(y) = -2*y**2 + 3*y - 2. Let w be r(5). Let j = w + -97. Is 1/(((-2)/j)/1) composite?
False
Let m(h) = 2 - 17*h - 68*h - 2 - 1. Let i be m(5). Is (i/9)/(8/(-12)) a composite number?
False
Let n = -12292 - -48725. Is n prime?
True
Suppose -4*h = -3054 - 8534. Is h prime?
True
Is (-240426)/(-102) + (-6)/51 a composite number?
False
Suppose 3*r + 3*k = -96, -2*r - 2*k = -5*k + 44. Suppose 0 = 214*h - 211*h - 159. Let v = h + r. Is v composite?
True
Suppose 8*r + 1257 = 9*r. Is r prime?
False
Suppose -3*x = -y + 1157, y + x = 553 + 596. Is y prime?
True
Suppose -4*z + 4*s = -3088, 3*z + 5*s + 1553 = 5*z. Is z a prime number?
True
Let k = -249 + 112. Let a = k - -75. Is (a/4)/((-1)/2) prime?
True
Let t be (-2 - -6 - 2) + 2. Is t + 291 - (-1 - -1) prime?
False
Let y = 9 - 9. Suppose 0 = -y*i + 4*i - f - 1276, -5*i + f = -1595. Is i a composite number?
True
Let q(g) = -6*g**3 - 5*g**2 + 20*g + 6. Let n be q(-9). Suppose 11*y - n = 4862. Is y prime?
True
Suppose f - 2*b - 9 = 0, 34 = -4*b + 22. Let u = -6 - -8. Suppose -20 = 4*c, -f*c + 4*c = -u*q + 885. Is q a prime number?
False
Suppose -6*g + 80305 = 16807. Is g a prime number?
False
Let y = 115 + 101. Let o = 35 + y. Is o composite?
False
Let h be (-4)/(0 - 4) + 1. Let t = 1542 + -826. Suppose -h*j + t = 2*j. Is j composite?
False
Let o be ((-3619)/21)/(2/(-6)). Let f = o - 26. Is f a composite number?
False
Let z(n) = 10 - 13*n**2 - 3 + 32*n**2 + 0 - n. Is z(4) a prime number?
True
Let y = 11 + -9. Suppose -y*h = 5*j - 3285, 2610 = -2*j + 6*j - 2*h. Suppose 2427 = 4*l + j. Is l a prime number?
True
Let r(f) = -f**2 - 14*f + 2. Suppose 14*l - 14 = 15*l. Let c be r(l). Is 199 - (4 - c) - -2 prime?
True
Is (-8)/72 + 195248/18 composite?
False
Suppose c = -2*c. Let v be 13 + (-5 - 4) - -6. Suppose -v*f + 4*f + 2010 = c. Is f a prime number?
False
Let m(u) = 960*u - 67. Is m(10) a prime number?
True
Let n = 348 + -1380. Let t = n - -1705. Is t a prime number?
True
Let d = 618 + -914. Let k = d - -553. Is k composite?
False
Let m be 16/(-6)*6*(-29331)/36. Is -4 - (0 - (m - 5)) a prime number?
False
Let y(a) = a**2 + 11*a - 12. Let f be y(-12). Suppose w + 3 = 3*m - f*m, -4*m + 3*w + 9 = 0. Suppose z - 318 - 491 = m. Is z prime?
True
Let y = -49 - -49. Suppose 15*d - 11610 - 8805 = y. Is d composite?
False
Suppose 3*v + 3*c - 3 = 0, 7 = -5*v - 2*c + 3. Let u(s) = -25*s**3 - 4*s**2 - 2*s + 3. Is u(v) composite?
False
Let z = 555 + 781. Suppose 3*q = 4*j - z, -329 = -j - 3*q + 5*q. Is j a composite number?
False
Let u = -7340 + 11133. Is u prime?
True
Let k(j) = -2132*j**3 + 6*j**2 + 8*j + 31. Is k(-4) composite?
True
Suppose -4*c - 17 = 11. Let z = c + -1. Let v = 131 - z. Is v a prime number?
True
Suppose -5*c - 40*t + 19845 = -38*t, 2*c + 3*t - 7949 = 0. Is c a composite number?
False
Let b(z) = z - 3. Let f be b(6). Suppose 3*p - 6 = n + 9, 5*n = -f*p + 15. Suppose n = 4*i + 476 - 1648. Is i composite?
False
Suppose -4*p + 20 = -l + 4*l, 2*l - 8 = 0. Suppose -y = p*y - 96. Is y + -1 - -1*2 a composite number?
True
Let b(v) = 128*v + 2. Let x be b(10). Suppose 11*o - x = 9*o. Is o a composite number?
False
Suppose -w + 708 = -5*w. Let f = w - -311. Is f composite?
True
Let g(m) = -42*m**3 - 3*m**2 - 37*m + 25. Is g(-12) a prime number?
True
Suppose -2393 = 7*v - 9715. Suppose 2*f - v - 236 = 0. Is f a composite number?
False
Suppose 0 = -5*f + 38 + 92. Let z = 21 - f. Let y(t) = -3*t**3 + 7*t**2 + 6*t + 1. Is y(z) a composite number?
False
Suppose -3*x - 7 = -3*y - y, 5*y - 7 = 2*x. Let q(g) = -381*g. Let c be q(x). Let j = -124 + c. Is j prime?
True
Let n(b) = 15*b**3 - b**2 + 2*b + 3. Let m be n(4). Let u = m - 375. Suppose -6*i + 2*i = -u. Is i a composite number?
True
Suppose -2*r - 7029 = -11*r. Is r prime?
False
Let h(w) = -12*w - 20*w + 2 + 33*w + 2. Suppose -2 = 3*k - 4*z, 5*k - 3*z - 5 - 10 = 0. Is h(k) a composite number?
True
Let s(h) = 2296*h**2 - 55*h - 337. Is s(-6) prime?
False
Suppose 3*a + 2492 = 7*a. Suppose -20*d + 19*d = -a. Is d a composite number?
True
Let j(u) = 22 - 10*u + 27*u**2 - 13 + 8*u**2 + 3*u. Is j(4) composite?
False
Is 2 - (31 + -3)*(-1606)/8 prime?
True
Let g(k) be the third derivative of k**6/60 - 7*k**5/120 - k**4/24 + k**3/3 - 4*k**2. Let l(w) be the first derivative of g(w). Is l(-6) a prime number?
True
Suppose 0 = -58*v + 52*v + 37470. Is v a composite number?
True
Suppose 0 = 43*y - 45*y + 26186. Is y composite?
False
Let q(k) = k + 6. Let s be q(-3). Let u(b) = 105*b - 8. Is u(s) a composite number?
False
Let a(v) = -4673*v + 43. Is a(-6) a prime number?
True
Let i = -42 + 47. Let p(a) = 10*a - 4. Is p(i) prime?
False
Let w(b) = -2 + 1 - 5 - 2*b + 798*b**2 + 5. Let h be w(-2). Suppose -2*m - m - 3*p = -h, 5*m = 5*p + 5345. Is m prime?